is the tens digit of f?
4
Let d = 39205 - -27309. What is the units digit of d?
4
Let g(s) = 1 + 57*s**3 + s**2 + 10*s - 21*s**3 - 37*s**3. What is the units digit of g(-6)?
3
Suppose f + 6 + 4 = 0. Let z be 4/5*-2*f/4. What is the tens digit of 6784/96 + z/(-6)*-2?
7
Let n(s) = 98*s**2 + 6*s + 4. Let u be n(-2). Let r = u + -58. What is the hundreds digit of r?
3
Let c = -2627 - -21181. What is the thousands digit of c?
8
Suppose -232*x + 56*x + 1796960 = 0. What is the units digit of x?
0
Let n(t) = t**3 + 37*t**2 - 73*t - 2388. What is the thousands digit of n(-31)?
5
Let r(k) be the second derivative of k**5/20 - k**4/3 - k**3/6 - 8*k**2 + 41*k. Let a = -5 - -10. What is the units digit of r(a)?
4
Let a = 788 + -356. Suppose 4*m - 858 = -3*t, -m = -3*m - 3*t + a. What is the hundreds digit of m?
2
Let y = -1 - -3. Let a be 3/y - (-281)/2. Suppose 3*u = -3*l + 198, -2*u - l + a = 3*l. What is the tens digit of u?
6
Let v = 3 - -11. Let q(m) be the first derivative of -m**4/4 + 5*m**3 - 7*m**2/2 - 20*m - 103. What is the tens digit of q(v)?
7
Suppose 0 = -4*v + 8*v - 4, -590 = -2*i + 4*v. Suppose -2*s - 4*q - 708 = -7*s, 2*s - i = -3*q. What is the hundreds digit of s?
1
What is the ten thousands digit of (958750/(-39))/(38/(-57))?
3
Let y = -29207 - -58181. What is the units digit of y?
4
Suppose 8*z + 9*z - 202153 = -46773. What is the units digit of z?
0
Let s = -292 + 299. What is the units digit of (s/(-14))/(0 + (-2)/424)?
6
Suppose -272 = 4*w + 284. Let f = w - 208. Let d = f - -491. What is the units digit of d?
4
What is the thousands digit of 2/8 + 9/9 + (-83718)/(-8)?
0
Suppose -5*x - 3563 = -q + 804, -21919 = -5*q - 3*x. Suppose -q = -23*g + 6451. What is the tens digit of g?
7
Suppose 0 = 3*b - a + 4*a - 12, 2*a = 4. Let i be 1115/(-45) + b/(-9). What is the tens digit of 138/5 - 10/i?
2
Let m be (4/(-1) - 75)/(-1). Suppose 4*s - m = 4*k + 537, 5*s = -4*k - 589. Let r = -1 - k. What is the units digit of r?
0
Let c = -456 + 916. Suppose -5*w + 1596 = g, -2058 = -g - 4*w - c. What is the units digit of g*3/42 - (-2)/7?
5
Let o = -2382 + 5037. Let d = o - 1140. What is the units digit of d?
5
Let m = 77 - 64. Let g be (-2)/m - (5728/(-52) + 3). Let a = 13 + g. What is the hundreds digit of a?
1
Let t = -5951 - -9285. Suppose 7*w = 1643 + t. What is the tens digit of w?
1
Let t(a) = 32110*a**2 - 124*a - 127. What is the ten thousands digit of t(-1)?
3
Suppose -3*b + 9 + 3 = 0. Suppose -b = i, 5*p + 927 - 2692 = 5*i. Suppose -3*m + 2*c + p = 0, 3*m - 5*c = m + 229. What is the tens digit of m?
1
Suppose 2*z - 450 = -3*g + 15, 5*z = 0. Suppose 4*v - 293 - g = -4*m, 0 = 4*v + 5*m - 444. What is the units digit of v?
6
Let p(x) = 2*x**3 + 14*x**2 + 25*x + 267. What is the tens digit of p(22)?
8
What is the units digit of (-46788)/(-16) - (-90)/120?
5
Let n be -5 + 1 + (-1298)/(2 + -3). Suppose -22*w + 27*w = 2*g - 851, -3*g + 4*w = -n. What is the hundreds digit of g?
4
Suppose 4*c + 4*y = 10248, -2*y - 3436 = -2*c + 1688. Suppose -2*m = 19*m - c. What is the hundreds digit of m?
1
Let h(k) = 74*k + 51. Let z(r) = -73*r - 51. Let p(n) = 3*h(n) + 2*z(n). What is the hundreds digit of p(3)?
2
What is the thousands digit of 2/1 + (-6 + 2996 - 63/9)?
2
Let k be ((-584)/(-238) - 6/(-51))*35. Suppose -95*i = -k*i - 3175. What is the units digit of i?
5
Let t = -4467 - -8402. What is the thousands digit of t?
3
Suppose 0 = 2*z + 4, 2*b - 1268 = z. Suppose 216 + b = 3*t. What is the units digit of t?
3
Let k(y) = -14*y**3 - 3*y**2 - 34*y - 4. What is the hundreds digit of k(-6)?
1
Suppose -4 = -n, -4*g = -5*g - 3*n + 2827. What is the tens digit of g?
1
Let v(y) = 18*y**2 - 2*y + 29. Let k(t) = 19*t**2 + 30. Let z(w) = -3*k(w) + 4*v(w). What is the units digit of z(7)?
5
Let o(t) = 31*t**3 - 4*t**2 + t + 6. Let c be 1 - 2/6 - 4/(-3). What is the units digit of o(c)?
0
Let g(x) = x**2 + 19*x - 29. Let u be g(11). Suppose -3*n + 1451 = 5*t, -4*n - u = -t - n. What is the hundreds digit of t?
2
Let t(c) = -4*c - 2*c**3 + 16*c - 1 - 3*c - 8*c. Let r be t(2). Let s = r - -63. What is the units digit of s?
8
Suppose -5*i = 2*h - 132158, -21*i - 3*h - 26452 = -22*i. What is the thousands digit of i?
6
Let h(c) = -3*c**2 - 9*c + 5. Let j be h(-7). Suppose 3*s - 4*v - 464 = 0, -3*s + v = -447 - 2. Let u = j + s. What is the units digit of u?
9
Suppose 14*i = -4*i + 478986 - 87216. What is the thousands digit of i?
1
Let o = 51111 - 36498. What is the thousands digit of o?
4
Let a be (-4784)/(-78)*(3/2 - 0). Suppose a*c = 88*c + 272. What is the units digit of c?
8
Let z(s) = -2*s**2 - 12*s + 23. Let t be z(-8). What is the hundreds digit of (444/t)/(28/(-924))?
6
Let q = 17458 + -9363. What is the hundreds digit of q?
0
Let p = -49648 - -92283. What is the thousands digit of p?
2
Suppose 84 = 2*y - 3*b, -y - 5*b = 3 - 58. Suppose 80*q - 79*q - y = 0. What is the units digit of q?
5
Suppose 5*l = -11 - 4, 3*j + 12 = -4*l. Let m be (2 - j) + -5 + 58. Let r = m + -41. What is the tens digit of r?
1
Let l(o) = o**3 - 10*o**2 - 4*o - 3. Let u be l(5). Let h = u + 328. What is the tens digit of (-2)/(-15) + 20316/h?
1
Suppose -n - 9 = -2*n + y, -2*y = 6. Suppose n = -5*x + 26. Suppose x*o = 2*c + 129 + 555, -3*c - 513 = -3*o. What is the units digit of o?
1
Let j(m) be the second derivative of 5*m**4/4 - 17*m**3/6 - m**2 - 16*m. What is the hundreds digit of j(5)?
2
Let q(n) = -49*n + 869. What is the hundreds digit of q(8)?
4
Let b(u) = 74*u**2 - 62*u**2 - 3 - 18*u - 2 - 10 - u**3. Let w be b(10). Suppose 0 = 2*d - 4*g - 218, -2*d + w*g - 488 = -6*d. What is the hundreds digit of d?
1
Suppose 0 = 33*d - 67*d - 952. Suppose -3*y + 3*l - 6 = 0, -5*y + 5*l - 10 = l. What is the tens digit of (42/4)/(y/d)?
4
Let q be (-7)/21 + (-28)/6 + 8. Suppose -q*h + 8*h = 3*m + 6652, m = 1. What is the thousands digit of h?
1
Suppose -3*t + 5*t - 20 = 0. Let u(h) = 3*h - 3 - t + 20*h - 3. What is the units digit of u(5)?
9
Suppose w - 1366 = -4*l, 5*w - 5023 = 2*l + 1697. Suppose -27*c + 23*c = -2*f - w, -5*f + 667 = 2*c. What is the hundreds digit of c?
3
Let b = -14580 + 20429. What is the units digit of b?
9
Let r = 132 + -143. Let v(p) = 2*p**2 + 6*p + 5. What is the tens digit of v(r)?
8
Let j be 29/116 - 47/4*-1. Let g be (-241 - -1)*4/((-32)/j). Suppose -270 = -3*l + 4*c, -2*l - 4*c = 2*l - g. What is the tens digit of l?
9
Let u(b) = -55*b - 27. Let d = 466 + -471. What is the tens digit of u(d)?
4
Suppose 8*d = 2251 + 5765. Let g = 1506 - d. Suppose j = 4*j - g. What is the hundreds digit of j?
1
Suppose -627460 = 90*y - 2378050. What is the thousands digit of y?
9
Let z be ((-40)/4)/(-5 + 3 - 0). Suppose -4*a + 1256 = -2*a + z*x, 5*x - 618 = -a. What is the units digit of a?
8
What is the ten thousands digit of 10811598/1034 - 2*2/44?
1
Let m(c) be the third derivative of c**6/120 + c**5/15 + 5*c**4/24 + c**3/2 - 43*c**2 + 2*c. What is the units digit of m(6)?
3
Let y(x) be the second derivative of -3*x**5/10 + x**4/4 - 7*x**3/6 - 7*x**2/2 + 7*x. What is the units digit of y(-4)?
3
Let t = -119 + 120. Suppose a + t = 0, 1583 = 2*s - 4*a + 3*a. What is the hundreds digit of s?
7
Suppose 1035 = j + 159. Suppose w - 26*n - 170 = -23*n, -5*w + 2*n + j = 0. What is the tens digit of w?
7
Let c(n) = 334*n - 57. Let v = -782 + 784. What is the units digit of c(v)?
1
Suppose 201*t + 6*t - 4180418 = -2*t. What is the units digit of t?
2
Suppose 0 = 4*f - 3*h - 69933, -34962 = -4*f + 2*f + 6*h. What is the thousands digit of f?
7
What is the thousands digit of (-3 - (-337877)/(-57))*(-9)/(-3 + 6)?
7
What is the tens digit of 894/(-8)*13448/(-246)?
0
Let n be ((-7)/3)/((-8955)/2241 + 4). Let z = -116 - n. What is the units digit of z?
5
Let v be 1281/3 + (0 - 6)/3. Suppose 3*y + c - 917 = v, 5*c = 5*y - 2230. What is the tens digit of y?
4
Suppose -88*u - 892307 = -5788627. What is the ten thousands digit of u?
5
Let z(q) = -q**3 - 12*q**2 - 23*q - 5. Let b be z(-10). Suppose -b*f - 310 = -30*f. What is the units digit of f?
2
Let n = 1961 - 1098. Suppose 0 = p - n - 80. What is the hundreds digit of p?
9
Let u = -9168 - -26251. What is the hundreds digit of u?
0
Suppose -2487 = 6*s + 315. Let l = -303 - s. What is the units digit of l?
4
Let h(n) = 6*n**2 - n**2 - 37 